{"id":8578,"date":"2026-03-17T13:04:28","date_gmt":"2026-03-17T12:04:28","guid":{"rendered":"https:\/\/associmpp.club\/?page_id=8578"},"modified":"2026-03-17T13:14:21","modified_gmt":"2026-03-17T12:14:21","slug":"le-club","status":"publish","type":"page","link":"https:\/\/associmpp.club\/?page_id=8578","title":{"rendered":"Le Club"},"content":{"rendered":"<p><strong>Vous visitez le site officiel du Club Informatique\u00a0et Multim\u00e9dias du Plessis-P\u00e2t\u00e9\u00a0(CIM.PP), association loi 1901, d\u00e9clar\u00e9e \u00e0 la sous pr\u00e9fecture de Palaiseau le 28 d\u00e9cembre 2015, INSEE au 14 janvier 2016 \u2013 Identifiant SIRET : 817 664 980 00015<\/strong><\/p>\n<p><strong>Le si\u00e8ge social de l\u2019association est situ\u00e9 en Mairie \u2013 Place du 8 mai 1945 \u2013 91220\u00a0Plessis-P\u00e2t\u00e9\u00a0 \u2013 ses locaux sont situ\u00e9s\u00a0 \u00e0 la M\u00e9diath\u00e8que du Plessis-P\u00e2t\u00e9 (face \u00e0 la Mairie) \u2013 le club est ouvert de septembre \u00e0 juin, les horaires sont ceux de la M\u00e9diath\u00e8que.\u00a0<\/strong><\/p>\n<p><strong>Ses adresses mail\u00a0 :\u00a0 associmpp.club@gmail.com ou cimpp.fr@gmail.com<\/strong><\/p>\n<p><strong>Conform\u00e9ment aux dispenses de d\u00e9claration N\u00b0 7 et 8 (JO N\u00b0 128 du 3 juin 2006) ce site ne fait pas l\u2019objet d\u2019une d\u00e9claration \u00e0 la CNIL, mais il en respecte\u00a0 les principes.<\/strong><\/p>\n<p><strong>Le Responsable de publication et webmestre est le Pr\u00e9sident de l\u2019association<\/strong> <strong>Ce site est h\u00e9berg\u00e9 par\u00a0Infomaniak.ch<\/strong><\/p>\n<p><strong>D\u00e9but d\u2019activit\u00e9 : avril 2016\u00a0<\/strong><\/p>\n<p><strong>Projet initi\u00e9 en 2014 par l\u2019actuel pr\u00e9sident et mis\u00a0en \u0153uvre fin 2015 avec\u00a0le concours\u00a0de la municipalit\u00e9 du Plessis-P\u00e2t\u00e9, de l\u2019agglom\u00e9ration du C\u0153ur d\u2019Essonne<\/strong>\u00a0 \u00a0<strong>et des cinq premiers b\u00e9n\u00e9voles sans qui le club n\u2019aurait pu d\u00e9marrer\u2026(*Fran\u00e7oise, Alain, Benjamin, Claude, G\u00e9rard).<\/strong><\/p>\n<ul>\n<li><strong>1\u00e8re saison<\/strong><strong> : avril 2016 \u00e0 fin juin 2016 <em>(plus de 100 heures de cours<\/em><\/strong><\/li>\n<li><strong>2\u00e8me saison<\/strong><strong> : septembre 2016 \u00e0 fin juin 2017\u00a0<em>(plus de 300 heures de cours)<\/em><\/strong><\/li>\n<li><strong>3\u00e8me et 4\u00e8me saison :<\/strong><strong> septembre 2017 \u00e0 fin juin 2018 puis septembre 2018 \u00e0 fin juin 2019 &#8211; arriv\u00e9e de Patrick !<\/strong><\/li>\n<li><strong>5\u00e8me et 6\u00e8me saison : <\/strong><strong>sept 2019 \u00e0 juin 2020 puis sept 2020 \u00e0 juin 2021<\/strong>\n<ul>\n<li><strong>2 saisons largement perturb\u00e9es par la pand\u00e9mie Covid 19\u00a0 \u2013 suppression des cours en salle<\/strong><\/li>\n<li><strong>Pr\u00e9paration de certains cours \u00e0 distance<\/strong><\/li>\n<li><strong>Reprise cours en pr\u00e9sentiel 2022\u00a0 \/ 2023 <\/strong>\n<ul>\n<li><strong>Avenir du club<\/strong><\/li>\n<\/ul>\n<\/li>\n<li><strong>Saison 2023 \/ 2024 &#8211; Introduction de sessions smartphone et tablette<\/strong><\/li>\n<li><strong>Saison 2024 \/ 2025 &#8211; R\u00e9organisation des fili\u00e8res<\/strong><\/li>\n<li><strong>Saison 2025 \/ 2026 &#8211; Le CIM.PP a 10 ans<\/strong><\/li>\n<\/ul>\n<\/li>\n<\/ul>\n<p><strong>Notre objectif est d\u2019adapter nos formations de fa\u00e7on permanente en fonction de l\u2019\u00e9volution de l\u2019informatique et de ses techniques connexes pr\u00e9sentes et futures. Le cursus d\u2019initiation continuera de s\u2019\u00e9taler sur deux ans pour les d\u00e9butants, mais il tend \u00e0 disparaitre.<\/strong><\/p>\n<ul>\n<li><strong>Appel \u00e0 de nouveaux animateurs<\/strong><\/li>\n<\/ul>\n<p><strong>Vous r\u00e9sidez au Plessis-P\u00e2t\u00e9 ou l\u2019une des communes du\u00a0 Coeur d\u2019Essonne, vous \u00eates int\u00e9ress\u00e9(e) par cette exp\u00e9rience, alors venez d\u00e9couvrir le club et rejoindre son \u00e9quipe d\u2019animateurs en postulant en ligne.<\/strong><\/p>\n<p><strong>Le Pr\u00e9sident<\/strong><\/p>\n","protected":false},"excerpt":{"rendered":"<p>Vous visitez le site officiel du Club Informatique\u00a0et Multim\u00e9dias du Plessis-P\u00e2t\u00e9\u00a0(CIM.PP), association loi 1901, d\u00e9clar\u00e9e \u00e0 la sous pr\u00e9fecture de Palaiseau le 28 d\u00e9cembre 2015, INSEE au 14 janvier 2016 \u2013 Identifiant SIRET : 817 664 980 00015 Le si\u00e8ge social de l\u2019association est situ\u00e9 en Mairie \u2013 Place du 8 mai 1945 \u2013 91220\u00a0Plessis-P\u00e2t\u00e9\u00a0 \u2013 ses locaux sont situ\u00e9s\u00a0 \u00e0 la M\u00e9diath\u00e8que du Plessis-P\u00e2t\u00e9 (face \u00e0 la Mairie) \u2013 le club est ouvert de septembre \u00e0 juin, les horaires sont ceux de la M\u00e9diath\u00e8que.\u00a0 Ses adresses mail\u00a0 :\u00a0 associmpp.club@gmail.com ou cimpp.fr@gmail.com Conform\u00e9ment aux dispenses\u2026<\/p>\n","protected":false},"author":1,"featured_media":0,"parent":0,"menu_order":0,"comment_status":"closed","ping_status":"closed","template":"","meta":{"_acf_changed":false,"_crdt_document":"","_uag_custom_page_level_css":"","footnotes":""},"class_list":["post-8578","page","type-page","status-publish","hentry"],"acf":[],"uagb_featured_image_src":{"full":false,"thumbnail":false,"medium":false,"medium_large":false,"large":false,"1536x1536":false,"2048x2048":false,"post-thumbnail":false,"blog-large":false,"blog-medium":false,"blog-small":false,"related-img":false,"portfolio-one":false,"recent-posts":false,"tabs-img":false,"agama-testimonials":false},"uagb_author_info":{"display_name":"Michel Marrer","author_link":"https:\/\/associmpp.club\/?author=1"},"uagb_comment_info":0,"uagb_excerpt":"Vous visitez le site officiel du Club Informatique\u00a0et Multim\u00e9dias du Plessis-P\u00e2t\u00e9\u00a0(CIM.PP), association loi 1901, d\u00e9clar\u00e9e \u00e0 la sous pr\u00e9fecture de Palaiseau le 28 d\u00e9cembre 2015, INSEE au 14 janvier 2016 \u2013 Identifiant SIRET : 817 664 980 00015 Le si\u00e8ge social de l\u2019association est situ\u00e9 en Mairie \u2013 Place du 8 mai 1945 \u2013 91220\u00a0Plessis-P\u00e2t\u00e9\u00a0\u2026","_links":{"self":[{"href":"https:\/\/associmpp.club\/index.php?rest_route=\/wp\/v2\/pages\/8578","targetHints":{"allow":["GET"]}}],"collection":[{"href":"https:\/\/associmpp.club\/index.php?rest_route=\/wp\/v2\/pages"}],"about":[{"href":"https:\/\/associmpp.club\/index.php?rest_route=\/wp\/v2\/types\/page"}],"author":[{"embeddable":true,"href":"https:\/\/associmpp.club\/index.php?rest_route=\/wp\/v2\/users\/1"}],"replies":[{"embeddable":true,"href":"https:\/\/associmpp.club\/index.php?rest_route=%2Fwp%2Fv2%2Fcomments&post=8578"}],"version-history":[{"count":4,"href":"https:\/\/associmpp.club\/index.php?rest_route=\/wp\/v2\/pages\/8578\/revisions"}],"predecessor-version":[{"id":8584,"href":"https:\/\/associmpp.club\/index.php?rest_route=\/wp\/v2\/pages\/8578\/revisions\/8584"}],"wp:attachment":[{"href":"https:\/\/associmpp.club\/index.php?rest_route=%2Fwp%2Fv2%2Fmedia&parent=8578"}],"curies":[{"name":"wp","href":"https:\/\/api.w.org\/{rel}","templated":true}]}}